e highest common factor of a and k.
5
Let q = -165 + 450. Calculate the highest common divisor of 57 and q.
57
Let k(y) = y**3 + 10*y**2 + 9*y + 11. Let n be k(-9). Calculate the greatest common factor of 1 and n.
1
Suppose -3*l = -5*q + 34, -2*l = 3*q + l - 30. Calculate the greatest common factor of 24 and q.
8
Let m = 5 - 6. Let t be (-30)/(-3) + (m - -2). What is the highest common divisor of 121 and t?
11
Let y(a) = a**3 + 3*a**2 - 1. Let z be y(-2). Let w = z + 1. Calculate the highest common factor of 1 and w.
1
Let y(a) = 6*a**2 + a. Let s be y(3). Let v = -38 + s. Let w(q) = 4*q - 1. Let i be w(5). What is the greatest common divisor of i and v?
19
Let d be ((-6)/10)/(1/(-5)). Suppose -180 = 7*z - d*z. Let h = 73 + z. What is the greatest common factor of 14 and h?
14
Suppose 3*r + 2*l = 286, -4*r - 3*l - 153 + 533 = 0. Let h be 5*5/(75/6). Suppose -4*y = -h*y - 28. What is the highest common divisor of y and r?
14
Suppose 3*w - 99 = 3*t, -3*t - 3*w = -t + 76. Let v be 2652/21 - (-10)/t. Let p be 0/(0 + 1) + 18. Calculate the greatest common factor of p and v.
18
Let c(h) = -h**2 + 2*h + 5. Let o be c(4). Let k = o + 4. What is the highest common factor of k and 5?
1
Let d(l) be the third derivative of l**4/12 - 2*l**3/3 + 4*l**2. Let y be d(11). Calculate the greatest common divisor of 6 and y.
6
Let l be -2 - -4*22/4. Suppose -l - 108 = -4*w. What is the highest common divisor of w and 80?
16
Let f = 251 - 130. Suppose 4*o - 19 = 25. What is the highest common factor of f and o?
11
Let p be ((-6)/5)/((-20)/500). What is the greatest common factor of p and 6?
6
Suppose 0 = u - 0 - 2. Let f be u/(-12) + (-290)/(-12). Calculate the highest common factor of 24 and f.
24
Suppose 0 = -2*q + 5*a + 31, 0 = -0*q - 2*q + a + 35. What is the greatest common factor of q and 198?
18
Let b = -6 - -10. Suppose b*d + 7 = 15. Suppose -c - 5*k = -k - 107, 2*c + d*k = 190. Calculate the highest common divisor of 13 and c.
13
Let q(c) = c + 943. Let p be q(0). Suppose w - 4*l + l - 247 = 0, 4*w - p = 3*l. What is the greatest common divisor of 29 and w?
29
Suppose -2*m = 6*m - 288. Suppose -d + 18 = -0*d. Calculate the greatest common divisor of m and d.
18
Suppose 0 = -2*t - 2*w, -4*t - 2*w = t - 9. Suppose -4*o - 34 = -2*l, t*l - 2*o = -l + 74. Calculate the highest common factor of 95 and l.
19
Let i(g) = 2*g + 1. Let s be i(-5). Suppose -5*n + 13 = -57. Let h = s + n. Calculate the greatest common factor of h and 15.
5
Let n = 238 - 134. Calculate the greatest common divisor of 13 and n.
13
Let v be 13*(1 - (4 + -9)). Suppose 2*d + v = 6*d - 3*x, -3*d = -2*x - 59. What is the highest common factor of 14 and d?
7
Suppose -3*o - 15 = -6*o. Let n(x) be the first derivative of x**2 - 5*x + 1. Let q be n(o). Calculate the highest common factor of q and 45.
5
Suppose -k + 147 = 4*h + 40, 4*h = -3*k + 113. What is the greatest common divisor of h and 208?
26
Let a(z) = z**3 + 7*z**2 - 9*z + 3. Let l be a(-8). Let n(v) = 3*v**2 - 2*v. Let o be n(-3). What is the greatest common divisor of o and l?
11
Let k = 22 + 2. Calculate the greatest common factor of 36 and k.
12
Let r = -10 - -15. Suppose -r*l + o = -564, 7*o + 336 = 3*l + 4*o. Let k = -80 + l. Calculate the greatest common divisor of 22 and k.
11
Let q = 5 - 3. Let j = q + 2. Suppose -u + 66 = -j. Calculate the highest common factor of 10 and u.
10
Let g(z) = z**3 + 7*z**2 + 7*z + 5. Suppose 5*n + 10 + 10 = 0. Let m be g(n). Calculate the highest common divisor of m and 5.
5
Let p = 258 - 251. Suppose 4*n - 2 = 5*c, 0*n + 2*c = -3*n + 13. Suppose n*o = -0*o + 210. What is the greatest common factor of o and p?
7
Suppose 8*d - 4*d = -4*x + 236, 5*d + 3*x - 303 = 0. Calculate the highest common factor of d and 84.
21
Suppose 5*a + 39 = -3*o, 3*a + 37 = -5*o + 4. Let u be (-8)/a*1485/18. What is the greatest common divisor of u and 22?
22
Let g = 51 - 23. Calculate the greatest common factor of 252 and g.
28
Suppose 177 = 2*k + 3*l - 2*l, -5*k + 435 = -5*l. Let q = 29 + -21. What is the highest common factor of k and q?
8
Let h = 67 + -57. What is the highest common divisor of 70 and h?
10
Let c = 34 + -20. Calculate the greatest common factor of c and 21.
7
Let l be 32/18 + 8/36. Let h be 77/l + (-2)/(-4). Let r be h/6 + 1/(-2). What is the greatest common divisor of 24 and r?
6
Let l be (1 - -1 - 1)*-1*-11. Calculate the greatest common factor of l and 22.
11
Let f be -23 - ((2 - 3) + 1). Let u = 59 + f. Calculate the greatest common factor of 90 and u.
18
Suppose -2*a + 7*x - 2*x = -53, -a + 5*x = -29. What is the greatest common divisor of a and 16?
8
Let n = 112 + -22. Calculate the highest common factor of 36 and n.
18
Let i = -6 + 10. Let m be (-4)/18 - (-92)/9. Suppose m = 4*j - 14. Calculate the greatest common divisor of j and i.
2
Let j = 84 - 28. Calculate the highest common divisor of 8 and j.
8
Suppose 4*w - 258 = w. Let b = -54 + w. What is the highest common divisor of b and 8?
8
Let y(t) = t**2 + 10*t - 2. Let l be y(-9). Let i = 20 + l. Calculate the greatest common factor of i and 63.
9
Let r = -196 - -376. What is the highest common divisor of 9 and r?
9
Suppose 5*a + 98 - 498 = 0. What is the highest common factor of a and 16?
16
Let s = 10 - -25. Suppose -334*h + 326*h = -2520. Calculate the greatest common factor of s and h.
35
Let v = 6 + 0. Suppose -4*c = -2*c + v. Let q be c/9 + (-44)/(-6). Calculate the greatest common divisor of 7 and q.
7
Let q = -19 + 11. Let r be (-70)/q - 7/(-28). Calculate the greatest common divisor of r and 81.
9
Let c(s) = -s**2 + 12*s - 2. Let l(z) = z**2 - 11*z + 2. Let m(v) = -6*c(v) - 7*l(v). Let w be m(4). What is the highest common factor of w and 2?
2
Suppose 2*r = -2*r + 64. Let v be 44/r - 2/(-8). Let k be (2 - (0 + v)) + 19. Calculate the highest common factor of k and 9.
9
Suppose 160*h + 34 = 162*h. Calculate the greatest common factor of h and 136.
17
Let b = -25 - 3. Let v be -5*3/(30/b). Calculate the highest common divisor of 14 and v.
14
Let f be -2 + (-5)/(15/(-6)). Suppose f = 2*u - 21 + 3. What is the greatest common divisor of 45 and u?
9
Let b(g) = -8*g - 9. Let h be b(-3). Calculate the highest common factor of h and 6.
3
Let h(c) = -13*c - 1. Let j be h(2). Let q be (-8)/(-36) + (-1344)/j. What is the greatest common factor of q and 20?
10
Let q(j) = -2*j**3 + 6*j**2 + 6*j. Let t be q(-4). Calculate the highest common divisor of 25 and t.
25
Let u = 9 + -6. Suppose 106 = 2*f - 4*a, -201 = -4*f + u*a - 6*a. Suppose -o + 47 = -f. Calculate the highest common factor of 14 and o.
14
Suppose -60 = -0*n + 4*n. Let w = n - -18. Calculate the greatest common divisor of 1 and w.
1
Suppose 112 = -t - 22. Let l = 204 + t. What is the greatest common divisor of 14 and l?
14
Let o(p) = -3*p**3 - 4*p**2 - 3*p - 2. Suppose 0 = -5*b - 1 - 14. Let q = 1 + b. Let t be o(q). What is the highest common factor of 12 and t?
12
Let o(z) = z**2 - 8. Let j be o(6). Calculate the greatest common factor of 70 and j.
14
Suppose -177 - 117 = -2*o. What is the greatest common divisor of 21 and o?
21
Let y = 2 - 9. Let h = y + 25. Let i(c) = -c**2 + 7*c + 2. Let m be i(5). Calculate the highest common factor of m and h.
6
Suppose f - 7 = -3. Suppose f*g = 7 + 1. Calculate the highest common factor of 14 and g.
2
Let c(p) = -10*p - 10. Let y be c(-2). What is the greatest common divisor of 20 and y?
10
Let r(h) = 5*h**2 - 3 + 2*h - h**3 - 2*h**3 + 2*h**3. Suppose 3*b - 4 = 2*w + 2, 5*w - 2*b = 7. Let a be r(w). Calculate the greatest common factor of 3 and a.
3
Suppose l - 5*s - 2 = -9, s = -3*l + 27. Suppose -p = -l - 5. Calculate the highest common divisor of p and 91.
13
Let a be (-3 - -4)/(2/336). What is the greatest common divisor of a and 21?
21
Let w = 56 - 14. Let j(n) = -53*n - 1. Suppose z - 14 = -4*y, -2*z + 5*y = 4*y + 8. Let o be j(z). What is the highest common divisor of o and w?
21
Let o be 18 + 3*2/3. Let p be 2 + (-2)/(-2)*-1. Suppose -g + 3 = -p. What is the greatest common divisor of g and o?
4
Suppose 0 = -g, 4*g + 106 + 110 = i. What is the greatest common divisor of 27 and i?
27
Let y = 30 + 6. Let v(u) = 2*u**2 + 2*u. Let l be v(-4). What is the greatest common divisor of l and y?
12
Suppose -4*c + 2 = -2. Let w be 41 - c - (-1 